n base 4, what is 1 - -333?
1000
In base 2, what is 100 - 1000111010?
-1000110110
In base 14, what is -6d1 - 5?
-6d6
In base 7, what is 5 - -41?
46
In base 8, what is -2526 + 0?
-2526
In base 13, what is -3 + -208?
-20b
In base 8, what is 2775 - -2?
2777
In base 6, what is 1 - -3003?
3004
In base 11, what is 1970 - 4?
1967
In base 8, what is 30 + 5?
35
In base 14, what is -76 - -3?
-73
In base 2, what is -110100 + -101?
-111001
In base 4, what is -2133200 - 10?
-2133210
In base 6, what is 34 + -15?
15
In base 4, what is 2023100 - -1?
2023101
In base 15, what is 297 - 2?
295
In base 13, what is -4 + 17?
13
In base 14, what is 19 - -1?
1a
In base 4, what is -133 + -10?
-203
In base 15, what is 8 - 0?
8
In base 9, what is 7 - 727?
-720
In base 12, what is -1 - -671?
670
In base 4, what is 31232 + -11?
31221
In base 4, what is 11 + 11320?
11331
In base 13, what is 3 - -b?
11
In base 9, what is 814 + -4?
810
In base 6, what is -224 - 13?
-241
In base 3, what is -11 - 201210?
-201221
In base 13, what is -7 + b?
4
In base 12, what is 12 - 3?
b
In base 16, what is -38 + -2?
-3a
In base 13, what is 1215 + 2?
1217
In base 10, what is 152 - 2?
150
In base 15, what is 4 - -76?
7a
In base 9, what is 0 - -65?
65
In base 16, what is -6 - -7d?
77
In base 8, what is 7 + 43?
52
In base 15, what is 50 + -7?
48
In base 11, what is -403 + 2?
-401
In base 6, what is 4322 + 15?
4341
In base 3, what is 111012 + 10?
111022
In base 2, what is 101111100 - -1?
101111101
In base 7, what is 566 - 2?
564
In base 12, what is 497 + 5?
4a0
In base 9, what is -3 - 2?
-5
In base 15, what is 5 - -d9?
de
In base 3, what is 1 - -1020?
1021
In base 12, what is -1 + -4?
-5
In base 6, what is -3304 + 1?
-3303
In base 3, what is 0 - -110012?
110012
In base 6, what is -3 - 3341?
-3344
In base 9, what is -3 - -271?
267
In base 6, what is 1352 - -5?
1401
In base 3, what is -2100 - -112?
-1211
In base 2, what is -10000001 - 1111?
-10010000
In base 13, what is -a4a + 1?
-a49
In base 10, what is -2 - 6?
-8
In base 5, what is -133123 - -10?
-133113
In base 11, what is 7a - 216?
-147
In base 11, what is -15 + -77?
-91
In base 3, what is 1 - 20?
-12
In base 11, what is 1220 + 2?
1222
In base 8, what is -254 - -1?
-253
In base 14, what is -16 - -25?
d
In base 6, what is 4534 + -4?
4530
In base 6, what is 2453 - -4?
2501
In base 13, what is -4 - 3a?
-41
In base 6, what is -15505 + -1?
-15510
In base 8, what is 16 - 20?
-2
In base 6, what is -4201 + 4?
-4153
In base 4, what is -31 + -121?
-212
In base 14, what is -5 - bb?
-c2
In base 4, what is -31 - -11312?
11221
In base 13, what is -7 + 1?
-6
In base 16, what is -4 + -1a?
-1e
In base 4, what is 0 + 300020?
300020
In base 8, what is -12 - -11?
-1
In base 4, what is -10031 - 0?
-10031
In base 14, what is -4 + 587?
583
In base 8, what is -703 - -2?
-701
In base 9, what is -5 - 44?
-50
In base 5, what is 1011 + 2?
1013
In base 14, what is 4 - 17?
-13
In base 4, what is -2221 - -10?
-2211
In base 7, what is 15 + -1350?
-1332
In base 11, what is -61 + -10?
-71
In base 2, what is -10001 + 10010111111?
10010101110
In base 5, what is -10 + 224?
214
In base 12, what is -2 - 107?
-109
In base 5, what is 40 + -420?
-330
In base 6, what is -3 + -114?
-121
In base 5, what is -1113 + 431?
-132
In base 14, what is 4 + -db?
-d7
In base 13, what is 3 + 91?
94
In base 2, what is -101 + 100100?
11111
In base 12, what is 12 + -4?
a
In base 11, what is -3 - -216?
213
In base 7, what is -53 - -6?
-44
In base 5, what is -1222 + -1?
-1223
In base 11, what is 0 - a9?
-a9
In base 4, what is 201 - 101?
100
In base 4, what is -111 + 3331?
3220
In base 8, what is 5 + -673?
-666
In base 9, what is -26 - -5?
-21
In base 14, what is 3 + -96?
-93
In base 12, what is -3 - -1215?
1212
In base 14, what is -31d - -3?
-31a
In base 6, what is -3322 - 20?
-3342
In base 3, what is 222200 + -2?
222121
In base 9, what is 13 + -142?
-128
In base 9, what is -86 + -4?
-101
In base 14, what is 508 + 1?
509
In base 16, what is 9e7 + -5?
9e2
In base 5, what is 1332 - 34?
1243
In base 5, what is -11 + -13223?
-13234
In base 14, what is -2b3 - 1?
-2b4
In base 13, what is -39a - -4?
-396
In base 13, what is 1a + a5?
c2
In base 16, what is 84 - 2?
82
In base 3, what is -212 - 2?
-221
In base 5, what is -22 + -41?
-113
In base 10, what is 6 + -171?
-165
In base 16, what is 14 + 6?
1a
In base 13, what is -2 - 49?
-4b
In base 15, what is d + -a?
3
In base 9, what is -5 - 68?
-74
In base 9, what is 4 + -3401?
-3386
In base 16, what is -805 + -1?
-806
In base 9, what is 56 - -2?
58
In base 9, what is -27 + 16?
-11
In base 16, what is 0 - 20?
-20
In base 9, what is 345 + 3?
348
In base 9, what is 1751 - -2?
1753
In base 15, what is -20 + 1?
-1e
In base 6, what is 3050 + -4?
3042
In base 2, what is 1010 + 110?
10000
In base 10, what is -1 + 1912?
1911
In base 14, what is 4b + 16d?
1ba
In base 4, what is 3 + -103332?
-103323
In base 9, what is 11146 - 0?
11146
In base 10, what is -4 - -14?
10
In base 3, what is 22 + -21002?
-20210
In base 5, what is 4 - -131343?
131402
In base 15, what is -87a - 1?
-87b
In base 7, what is -4 - -154?
150
In base 13, what is -1 + 25?
24
In base 13, what is 193 - -3?
196
In base 5, what is -140 - -4?
-131
In base 7, what is -20 + 36?
16
In base 4, what is -30333 + -3?
-31002
In base 11, what is -2 - 83?
-85
In base 15, what is 4 + 2?
6
In base 4, what is -101 + 2213?
2112
In base 10, what is 3 + 280?
283
In base 16, what is 8 + a?
12
In base 4, what is 0 - 301311?
-301311
In base 3, what is 1022012 + 0?
1022012
In base 10, what is 12 + 33?
45
In base 10, what is -1024 + 2?
-1022
In base 15, what is d4 + -3?
d1
In base 8, what is -13 - 365?
-400
In base 14, what is -6a - 47?
-b3
In base 7, what is 5 + 2210?
2215
In base 16, what is 481 - 1?
480
In base 7, what is -3151 + 0?
-3151
In base 8, what is 2 + -651?
-647
In base 2, what is 1110 - -111111?
1001101
In base 6, what is 201 - 434?
-233
In base 14, what is 4 + -222?
-21c
In base 5, what is 0 - -412?
412
In base 12, what is 2 + -342?
-340
In base 10, what is 256 - 2?
254
In base 15, what is -4 + -db2?
-db6
In base 13, what is 519 + c?
528
In base 10, what is -2 + -136?
-138
In base 6, what is 42 - 5?
33
In base 6, what is -4 + -5522?
-5530
In base 9, what is 80 - 4?
75
In base 13, what is 83a - 1?
839
In base 7, what is -153 + 3?
-150
In base 10, what is 5 - 1677?
-1672
In base 5, what is 33011 - 0?
33011
In base 15, what is -10 + -1b?
-2b
In base 6, what is -24 + 213?
145
In base 2, what is 11 - -11011101010?
11011101101
In base 7, what is -1412 - 2?
-1414
In base 6, what is 22 - -1434?
1500
In base 3, what is 12 + -110122?
-110110
In base 16, what is 15d + 5?
162
In base 9, what is 7 + -1?
6
In base 16, what is -1 - -1fb?
1fa
In base 10, what is 4 + -129?
-125
In base 15, what is -3 + 10?
c
In base 16, what is 2 - 4?
-2
In base 6, what is 235 - -54?
333
In base 9, what is -204 + 2?
-202
In base 11, what is 10 - 66?
-56
In base 6, what is -23004 + -1?
-23005
In base 12, what is -29 + 9?
-20
In base 11, what is -5 + 351?
347
In base 12, what is 5 - -751?
756
In base 16, what is -f3 + -2d?
-120
In base 12, what is -b23 - 0?
-b23
In base 14, what is 4a4 - -3?
4a7
In base 15, what is -2 + -94?
-96
In base 14, what is 4 - -a?
10
In base 10, what is 1761 + 2?
1763
In base 3, what is 210010 + 102?
210112
In base 3, what is -11 - 200?
-211
In base 7, what is -660 + -40?
-1030
In base 2, what is -110000010 - -1100?
-101110110
In base 2, what is -1101101001 - -111?
-1101100010
In base 15, what is 8 - -b?
14
In base 2, what is -1011 - 10010110?
-10100001
In base 15, what is 22 + 34?
56
In base 4, what is -3 + -303001?
-303010
In base 6, what is -30 - -10?
-20
In base 13, what is 31 + 3?
34
In base 8, what is 167 + -5?
162
In base 6, what is 1 - -15?
20
In base 14, what is -132 + 3?
-12d
In base 12, what is 4 + 2422?
2426
In base 16, what is -400 + 5?
-3fb
In base 11, what is -50 - 2?
-52
In base 2, what is 100 - 10110111?
-10110011
In base 5, what is 110 - 3?
102
In base 11, what is -4 + 813?
80a
In base 16, what is -1 - 9e?
-9f
In base 6, what is -5 + 225?
220
In base 14, what is 6d0 + 12?
702
In base 14, what is d - 2?
b
In base 7, what is 443 + 3?
446
In base 4, what is 3 - 20013?
-20010
In base 7, what is 4062 - 0?
4062
In ba